{"id":2501,"date":"2020-08-22T13:01:15","date_gmt":"2020-08-22T11:01:15","guid":{"rendered":"https:\/\/neustadt-art-festival.de\/?post_type=eventkrake_event&#038;p=2501"},"modified":"2020-08-22T13:02:55","modified_gmt":"2020-08-22T11:02:55","slug":"frank-hoffmann-romantische-ironie","status":"publish","type":"eventkrake_event","link":"https:\/\/neustadt-art-festival.de\/en\/event\/frank-hoffmann-romantische-ironie\/","title":{"rendered":"Frank Hoffmann &#8220;Romantische Ironie\u201c"},"content":{"rendered":"<p>Der K\u00fcnstler wird am _Samstag, dem 26.09.2020 ab 13 Uhr anwesend sein und l\u00e4dt um 14 Uhr zum K\u00fcnstlergspr\u00e4ch ein_.<\/p>\n<p>Frank Hoffmann (1972 geboren in G\u00f6rlitz, 1991\u2005\u2013\u20051997 Studium Kunst und Germanistik in Dresden)<\/p>\n<p>In der Galerie Kunstgeh\u00e6use zeigt Frank Hoffmann eine konzentrierte Auswahl seiner malerischen Arbeiten, erg\u00e4nzt durch Druckgrafiken und Maskierfolien-Objekte, die im direkten Kontext zur Malerei entstehen.<\/p>\n<p>Der Ausstellungstitel spielt auf das gleichnamige Konzept der Fr\u00fchromantiker an, das diese zun\u00e4chst f\u00fcr die Literatur als st\u00e4ndigen Wechsel zwischen Werk und immanenter Selbstreflexion, zwischen<br \/>\nIllusionsaufbau und -st\u00f6rung entwickelten. Neben der \u00dcberlagerung von authentisch empfundenen Stimmungen mit klischeehaften Vorstellungen, die wiederum im Spannungsfeld von Begriffen wie \u201eSch\u00f6nheit\u201c und \u201ePathos\u201c mit ihrem jeweiligen kunst- und ideengeschichtlichen Hintergrundrauschen stehen, wird f\u00fcr Hoffmann die Malerei immer mehr selbst zum Thema. <\/p>\n","protected":false},"excerpt":{"rendered":"<p>Der K\u00fcnstler wird am _Samstag, dem 26.09.2020 ab 13 Uhr anwesend sein und l\u00e4dt um 14 Uhr zum K\u00fcnstlergspr\u00e4ch ein_. Frank Hoffmann (1972 geboren in G\u00f6rlitz, 1991\u2005\u2013\u20051997 Studium Kunst und Germanistik in Dresden) In der Galerie Kunstgeh\u00e6use zeigt Frank Hoffmann eine konzentrierte Auswahl seiner malerischen Arbeiten, erg\u00e4nzt durch Druckgrafiken und Maskierfolien-Objekte, die im direkten Kontext [&hellip;]<\/p>\n","protected":false},"featured_media":2502,"comment_status":"closed","ping_status":"closed","template":"","categories":[64],"tags":[],"class_list":["post-2501","eventkrake_event","type-eventkrake_event","status-publish","has-post-thumbnail","hentry","category-64","eventkrake-accessibility-0"],"_links":{"self":[{"href":"https:\/\/neustadt-art-festival.de\/en\/wp-json\/wp\/v2\/eventkrake_event\/2501","targetHints":{"allow":["GET"]}}],"collection":[{"href":"https:\/\/neustadt-art-festival.de\/en\/wp-json\/wp\/v2\/eventkrake_event"}],"about":[{"href":"https:\/\/neustadt-art-festival.de\/en\/wp-json\/wp\/v2\/types\/eventkrake_event"}],"replies":[{"embeddable":true,"href":"https:\/\/neustadt-art-festival.de\/en\/wp-json\/wp\/v2\/comments?post=2501"}],"wp:featuredmedia":[{"embeddable":true,"href":"https:\/\/neustadt-art-festival.de\/en\/wp-json\/wp\/v2\/media\/2502"}],"wp:attachment":[{"href":"https:\/\/neustadt-art-festival.de\/en\/wp-json\/wp\/v2\/media?parent=2501"}],"wp:term":[{"taxonomy":"category","embeddable":true,"href":"https:\/\/neustadt-art-festival.de\/en\/wp-json\/wp\/v2\/categories?post=2501"},{"taxonomy":"post_tag","embeddable":true,"href":"https:\/\/neustadt-art-festival.de\/en\/wp-json\/wp\/v2\/tags?post=2501"}],"curies":[{"name":"wp","href":"https:\/\/api.w.org\/{rel}","templated":true}]}}

<p>Der Künstler wird am _Samstag, dem 26.09.2020 ab 13 Uhr anwesend sein und lädt um 14 Uhr zum Künstlergspräch ein_.</p>
<p>Frank Hoffmann (1972 geboren in Görlitz, 1991 – 1997 Studium Kunst und Germanistik in Dresden)</p>
<p>In der Galerie Kunstgehæuse zeigt Frank Hoffmann eine konzentrierte Auswahl seiner malerischen Arbeiten, ergänzt durch Druckgrafiken und Maskierfolien-Objekte, die im direkten Kontext zur Malerei entstehen.</p>
<p>Der Ausstellungstitel spielt auf das gleichnamige Konzept der Frühromantiker an, das diese zunächst für die Literatur als ständigen Wechsel zwischen Werk und immanenter Selbstreflexion, zwischen<br />
Illusionsaufbau und -störung entwickelten. Neben der Überlagerung von authentisch empfundenen Stimmungen mit klischeehaften Vorstellungen, die wiederum im Spannungsfeld von Begriffen wie „Schönheit“ und „Pathos“ mit ihrem jeweiligen kunst- und ideengeschichtlichen Hintergrundrauschen stehen, wird für Hoffmann die Malerei immer mehr selbst zum Thema. </p>

<p>Der Künstler wird am _Samstag, dem 26.09.2020 ab 13 Uhr anwesend sein und lädt um 14 Uhr zum Künstlergspräch ein_. Frank Hoffmann (1972 geboren in Görlitz, 1991 – 1997 Studium Kunst und Germanistik in Dresden) In der Galerie Kunstgehæuse zeigt Frank Hoffmann eine konzentrierte Auswahl seiner malerischen Arbeiten, ergänzt durch Druckgrafiken und Maskierfolien-Objekte, die im direkten Kontext [&hellip;]</p>
