{"id":2528,"date":"2020-09-07T11:02:59","date_gmt":"2020-09-07T09:02:59","guid":{"rendered":"https:\/\/neustadt-art-festival.de\/?post_type=eventkrake_event&#038;p=2528"},"modified":"2020-09-17T13:53:25","modified_gmt":"2020-09-17T11:53:25","slug":"pocket-konzert-am-weissen-fluegel-klavier-konzert","status":"publish","type":"eventkrake_event","link":"https:\/\/neustadt-art-festival.de\/en\/event\/pocket-konzert-am-weissen-fluegel-klavier-konzert\/","title":{"rendered":"Tears &#038; Roses II [Klavier-Konzert]"},"content":{"rendered":"<p>Klaviermusik zur Freitag Nacht &#8211; in diesem 30 min\u00fctigen musikalischen Spot bringen Emily Maja Rose und Agnes Ponizil Rosen Tr\u00e4ume und Tr\u00e4nen auf schwarzen und wei\u00dfen Tasten zu Geh\u00f6r. Alles Eigenkompositionen und Improvisationen.<\/p>\n<p><a href=\"http:\/\/www.kreativesmusizieren.de\">www.kreativesmusizieren.de<\/a><\/p>\n\n\t\t<style type='text\/css'>\n\t\t\t#gallery-1 {\n\t\t\t\tmargin: auto;\n\t\t\t}\n\t\t\t#gallery-1 .gallery-item {\n\t\t\t\tfloat: left;\n\t\t\t\tmargin-top: 10px;\n\t\t\t\ttext-align: center;\n\t\t\t\twidth: 33%;\n\t\t\t}\n\t\t\t#gallery-1 img {\n\t\t\t\tborder: 2px solid #cfcfcf;\n\t\t\t}\n\t\t\t#gallery-1 .gallery-caption {\n\t\t\t\tmargin-left: 0;\n\t\t\t}\n\t\t\t\/* see gallery_shortcode() in wp-includes\/media.php *\/\n\t\t<\/style>\n\t\t<div id='gallery-1' class='gallery galleryid-2528 gallery-columns-3 gallery-size-thumbnail'><dl class='gallery-item'>\n\t\t\t<dt class='gallery-icon landscape'>\n\t\t\t\t<a href='https:\/\/neustadt-art-festival.de\/wp-content\/uploads\/2019\/09\/IMG_20190922_175452.jpg'><img decoding=\"async\" width=\"150\" height=\"150\" data-src=\"https:\/\/neustadt-art-festival.de\/wp-content\/uploads\/2019\/09\/IMG_20190922_175452-150x150.jpg\" class=\"attachment-thumbnail size-thumbnail lazyload\" alt=\"\" src=\"data:image\/svg+xml;base64,PHN2ZyB3aWR0aD0iMSIgaGVpZ2h0PSIxIiB4bWxucz0iaHR0cDovL3d3dy53My5vcmcvMjAwMC9zdmciPjwvc3ZnPg==\" style=\"--smush-placeholder-width: 150px; --smush-placeholder-aspect-ratio: 150\/150;\" \/><\/a>\n\t\t\t<\/dt><\/dl><dl class='gallery-item'>\n\t\t\t<dt class='gallery-icon landscape'>\n\t\t\t\t<a href='https:\/\/neustadt-art-festival.de\/wp-content\/uploads\/2019\/09\/Studio72dpi_7582.jpg'><img decoding=\"async\" width=\"150\" height=\"150\" data-src=\"https:\/\/neustadt-art-festival.de\/wp-content\/uploads\/2019\/09\/Studio72dpi_7582-150x150.jpg\" class=\"attachment-thumbnail size-thumbnail lazyload\" alt=\"\" src=\"data:image\/svg+xml;base64,PHN2ZyB3aWR0aD0iMSIgaGVpZ2h0PSIxIiB4bWxucz0iaHR0cDovL3d3dy53My5vcmcvMjAwMC9zdmciPjwvc3ZnPg==\" style=\"--smush-placeholder-width: 150px; --smush-placeholder-aspect-ratio: 150\/150;\" \/><\/a>\n\t\t\t<\/dt><\/dl><dl class='gallery-item'>\n\t\t\t<dt class='gallery-icon portrait'>\n\t\t\t\t<a href='https:\/\/neustadt-art-festival.de\/wp-content\/uploads\/2019\/09\/IMG_20190922_180020.jpg'><img decoding=\"async\" width=\"150\" height=\"150\" data-src=\"https:\/\/neustadt-art-festival.de\/wp-content\/uploads\/2019\/09\/IMG_20190922_180020-150x150.jpg\" class=\"attachment-thumbnail size-thumbnail lazyload\" alt=\"\" src=\"data:image\/svg+xml;base64,PHN2ZyB3aWR0aD0iMSIgaGVpZ2h0PSIxIiB4bWxucz0iaHR0cDovL3d3dy53My5vcmcvMjAwMC9zdmciPjwvc3ZnPg==\" style=\"--smush-placeholder-width: 150px; --smush-placeholder-aspect-ratio: 150\/150;\" \/><\/a>\n\t\t\t<\/dt><\/dl><br style=\"clear: both\" \/><dl class='gallery-item'>\n\t\t\t<dt class='gallery-icon portrait'>\n\t\t\t\t<a href='https:\/\/neustadt-art-festival.de\/wp-content\/uploads\/2019\/09\/IMG_20190922_180117.jpg'><img decoding=\"async\" width=\"150\" height=\"150\" data-src=\"https:\/\/neustadt-art-festival.de\/wp-content\/uploads\/2019\/09\/IMG_20190922_180117-150x150.jpg\" class=\"attachment-thumbnail size-thumbnail lazyload\" alt=\"\" aria-describedby=\"gallery-1-2362\" src=\"data:image\/svg+xml;base64,PHN2ZyB3aWR0aD0iMSIgaGVpZ2h0PSIxIiB4bWxucz0iaHR0cDovL3d3dy53My5vcmcvMjAwMC9zdmciPjwvc3ZnPg==\" style=\"--smush-placeholder-width: 150px; --smush-placeholder-aspect-ratio: 150\/150;\" \/><\/a>\n\t\t\t<\/dt>\n\t\t\t\t<dd class='wp-caption-text gallery-caption' id='gallery-1-2362'>\n\t\t\t\tsdr\n\t\t\t\t<\/dd><\/dl><dl class='gallery-item'>\n\t\t\t<dt class='gallery-icon landscape'>\n\t\t\t\t<a href='https:\/\/neustadt-art-festival.de\/wp-content\/uploads\/2019\/09\/Screenshot_20190922_174926.jpg'><img decoding=\"async\" width=\"150\" height=\"150\" data-src=\"https:\/\/neustadt-art-festival.de\/wp-content\/uploads\/2019\/09\/Screenshot_20190922_174926-150x150.jpg\" class=\"attachment-thumbnail size-thumbnail lazyload\" alt=\"\" src=\"data:image\/svg+xml;base64,PHN2ZyB3aWR0aD0iMSIgaGVpZ2h0PSIxIiB4bWxucz0iaHR0cDovL3d3dy53My5vcmcvMjAwMC9zdmciPjwvc3ZnPg==\" style=\"--smush-placeholder-width: 150px; --smush-placeholder-aspect-ratio: 150\/150;\" \/><\/a>\n\t\t\t<\/dt><\/dl><br style=\"clear: both\" \/><\/div>\n\n<p><iframe title=\"Sonnenland by Agnes Ponizil\" width=\"500\" height=\"400\" scrolling=\"no\" frameborder=\"no\" data-src=\"https:\/\/w.soundcloud.com\/player\/?visual=true&#038;url=https%3A%2F%2Fapi.soundcloud.com%2Ftracks%2F676588394&#038;show_artwork=true&#038;maxheight=750&#038;maxwidth=500\" src=\"data:image\/svg+xml;base64,PHN2ZyB3aWR0aD0iMSIgaGVpZ2h0PSIxIiB4bWxucz0iaHR0cDovL3d3dy53My5vcmcvMjAwMC9zdmciPjwvc3ZnPg==\" class=\"lazyload\" data-load-mode=\"1\"><\/iframe><\/p>\n<p>&nbsp;<\/p>\n","protected":false},"excerpt":{"rendered":"<p>Klaviermusik zur Freitag Nacht &#8211; in diesem 30 min\u00fctigen musikalischen Spot bringen Emily Maja Rose und Agnes Ponizil Rosen Tr\u00e4ume und Tr\u00e4nen auf schwarzen und wei\u00dfen Tasten zu Geh\u00f6r. Alles Eigenkompositionen und Improvisationen. www.kreativesmusizieren.de &nbsp;<\/p>\n","protected":false},"featured_media":0,"comment_status":"closed","ping_status":"closed","template":"","categories":[64],"tags":[],"class_list":["post-2528","eventkrake_event","type-eventkrake_event","status-publish","hentry","category-64","eventkrake-accessibility-"],"_links":{"self":[{"href":"https:\/\/neustadt-art-festival.de\/en\/wp-json\/wp\/v2\/eventkrake_event\/2528","targetHints":{"allow":["GET"]}}],"collection":[{"href":"https:\/\/neustadt-art-festival.de\/en\/wp-json\/wp\/v2\/eventkrake_event"}],"about":[{"href":"https:\/\/neustadt-art-festival.de\/en\/wp-json\/wp\/v2\/types\/eventkrake_event"}],"replies":[{"embeddable":true,"href":"https:\/\/neustadt-art-festival.de\/en\/wp-json\/wp\/v2\/comments?post=2528"}],"wp:attachment":[{"href":"https:\/\/neustadt-art-festival.de\/en\/wp-json\/wp\/v2\/media?parent=2528"}],"wp:term":[{"taxonomy":"category","embeddable":true,"href":"https:\/\/neustadt-art-festival.de\/en\/wp-json\/wp\/v2\/categories?post=2528"},{"taxonomy":"post_tag","embeddable":true,"href":"https:\/\/neustadt-art-festival.de\/en\/wp-json\/wp\/v2\/tags?post=2528"}],"curies":[{"name":"wp","href":"https:\/\/api.w.org\/{rel}","templated":true}]}}

<p>Klaviermusik zur Freitag Nacht &#8211; in diesem 30 minütigen musikalischen Spot bringen Emily Maja Rose und Agnes Ponizil Rosen Träume und Tränen auf schwarzen und weißen Tasten zu Gehör. Alles Eigenkompositionen und Improvisationen.</p>
<p><a href="http://www.kreativesmusizieren.de">www.kreativesmusizieren.de</a></p>

		<style type='text/css'>
			#gallery-1 {
				margin: auto;
			}
			#gallery-1 .gallery-item {
				float: left;
				margin-top: 10px;
				text-align: center;
				width: 33%;
			}
			#gallery-1 img {
				border: 2px solid #cfcfcf;
			}
			#gallery-1 .gallery-caption {
				margin-left: 0;
			}
			/* see gallery_shortcode() in wp-includes/media.php */
		</style>
		<div id='gallery-1' class='gallery galleryid-2528 gallery-columns-3 gallery-size-thumbnail'><dl class='gallery-item'>
			<dt class='gallery-icon landscape'>
				<a href='https://neustadt-art-festival.de/wp-content/uploads/2019/09/IMG_20190922_175452.jpg'><img decoding="async" width="150" height="150" data-src="https://neustadt-art-festival.de/wp-content/uploads/2019/09/IMG_20190922_175452-150x150.jpg" class="attachment-thumbnail size-thumbnail lazyload" alt="" src="data:image/svg+xml;base64,PHN2ZyB3aWR0aD0iMSIgaGVpZ2h0PSIxIiB4bWxucz0iaHR0cDovL3d3dy53My5vcmcvMjAwMC9zdmciPjwvc3ZnPg==" style="--smush-placeholder-width: 150px; --smush-placeholder-aspect-ratio: 150/150;" /></a>
			</dt></dl><dl class='gallery-item'>
			<dt class='gallery-icon landscape'>
				<a href='https://neustadt-art-festival.de/wp-content/uploads/2019/09/Studio72dpi_7582.jpg'><img decoding="async" width="150" height="150" data-src="https://neustadt-art-festival.de/wp-content/uploads/2019/09/Studio72dpi_7582-150x150.jpg" class="attachment-thumbnail size-thumbnail lazyload" alt="" src="data:image/svg+xml;base64,PHN2ZyB3aWR0aD0iMSIgaGVpZ2h0PSIxIiB4bWxucz0iaHR0cDovL3d3dy53My5vcmcvMjAwMC9zdmciPjwvc3ZnPg==" style="--smush-placeholder-width: 150px; --smush-placeholder-aspect-ratio: 150/150;" /></a>
			</dt></dl><dl class='gallery-item'>
			<dt class='gallery-icon portrait'>
				<a href='https://neustadt-art-festival.de/wp-content/uploads/2019/09/IMG_20190922_180020.jpg'><img decoding="async" width="150" height="150" data-src="https://neustadt-art-festival.de/wp-content/uploads/2019/09/IMG_20190922_180020-150x150.jpg" class="attachment-thumbnail size-thumbnail lazyload" alt="" src="data:image/svg+xml;base64,PHN2ZyB3aWR0aD0iMSIgaGVpZ2h0PSIxIiB4bWxucz0iaHR0cDovL3d3dy53My5vcmcvMjAwMC9zdmciPjwvc3ZnPg==" style="--smush-placeholder-width: 150px; --smush-placeholder-aspect-ratio: 150/150;" /></a>
			</dt></dl><br style="clear: both" /><dl class='gallery-item'>
			<dt class='gallery-icon portrait'>
				<a href='https://neustadt-art-festival.de/wp-content/uploads/2019/09/IMG_20190922_180117.jpg'><img decoding="async" width="150" height="150" data-src="https://neustadt-art-festival.de/wp-content/uploads/2019/09/IMG_20190922_180117-150x150.jpg" class="attachment-thumbnail size-thumbnail lazyload" alt="" aria-describedby="gallery-1-2362" src="data:image/svg+xml;base64,PHN2ZyB3aWR0aD0iMSIgaGVpZ2h0PSIxIiB4bWxucz0iaHR0cDovL3d3dy53My5vcmcvMjAwMC9zdmciPjwvc3ZnPg==" style="--smush-placeholder-width: 150px; --smush-placeholder-aspect-ratio: 150/150;" /></a>
			</dt>
				<dd class='wp-caption-text gallery-caption' id='gallery-1-2362'>
				sdr
				</dd></dl><dl class='gallery-item'>
			<dt class='gallery-icon landscape'>
				<a href='https://neustadt-art-festival.de/wp-content/uploads/2019/09/Screenshot_20190922_174926.jpg'><img decoding="async" width="150" height="150" data-src="https://neustadt-art-festival.de/wp-content/uploads/2019/09/Screenshot_20190922_174926-150x150.jpg" class="attachment-thumbnail size-thumbnail lazyload" alt="" src="data:image/svg+xml;base64,PHN2ZyB3aWR0aD0iMSIgaGVpZ2h0PSIxIiB4bWxucz0iaHR0cDovL3d3dy53My5vcmcvMjAwMC9zdmciPjwvc3ZnPg==" style="--smush-placeholder-width: 150px; --smush-placeholder-aspect-ratio: 150/150;" /></a>
			</dt></dl><br style="clear: both" /></div>

<p><iframe title="Sonnenland by Agnes Ponizil" width="500" height="400" scrolling="no" frameborder="no" data-src="https://w.soundcloud.com/player/?visual=true&#038;url=https%3A%2F%2Fapi.soundcloud.com%2Ftracks%2F676588394&#038;show_artwork=true&#038;maxheight=750&#038;maxwidth=500" src="data:image/svg+xml;base64,PHN2ZyB3aWR0aD0iMSIgaGVpZ2h0PSIxIiB4bWxucz0iaHR0cDovL3d3dy53My5vcmcvMjAwMC9zdmciPjwvc3ZnPg==" class="lazyload" data-load-mode="1"></iframe></p>
<p>&nbsp;</p>

<p>Klaviermusik zur Freitag Nacht &#8211; in diesem 30 minütigen musikalischen Spot bringen Emily Maja Rose und Agnes Ponizil Rosen Träume und Tränen auf schwarzen und weißen Tasten zu Gehör. Alles Eigenkompositionen und Improvisationen. www.kreativesmusizieren.de &nbsp;</p>
