{"id":2556,"date":"2020-09-08T13:45:37","date_gmt":"2020-09-08T11:45:37","guid":{"rendered":"https:\/\/neustadt-art-festival.de\/?post_type=eventkrake_event&#038;p=2556"},"modified":"2020-09-09T10:47:32","modified_gmt":"2020-09-09T08:47:32","slug":"between-the-lines-02-von-katja-springer-2","status":"publish","type":"eventkrake_event","link":"https:\/\/neustadt-art-festival.de\/en\/event\/between-the-lines-02-von-katja-springer-2\/","title":{"rendered":"\u201cBetween the Lines.02\u201d von Katja Springer [Ausstellung]"},"content":{"rendered":"<p>Zwischen den Linien, zwischen den Zeilen lesen, Zwischenr\u00e4ume definieren, Leerr\u00e4ume erobern, Pausen zwischen dem Agieren&#8230; Diese Zwischenr\u00e4ume sind so lebenswichtig, so k\u00f6nnen wir aus dem Nichts Kraft sch\u00f6pfen, Ideen entwickeln, sie bringen Ordnung in unser Leben, sie zwingen die Linien der K\u00fcnstlerin aus dem vermeintlichen Chaos zur Struktur.<br \/>\nEinige Bilder von Katja Springer sind Ausdruck einer gewissen Rassanz, entsprechend unserer schnelllebigen Gesellschaft, der vielen Eindr\u00fccke, die t\u00e4glich auf uns einstr\u00f6men und, was den Lebensweg der Malerin betrifft eine Verarbeitung ihrer vielen Lebensstationen und Arbeitsorte. (&#8230;)<\/p>\n<p><a href=\"http:\/\/www.katja-springer-artefacts.com\">www.katja-springer-artefacts.com<\/a><\/p>\n<p>(Die Entstehung einiger Werke wurde durch ein Stipendium der Kulturstiftung des Freistaates Sachsen erm\u00f6glicht.)<\/p>\n<p>&nbsp;<\/p>\n\n\t\t<style type='text\/css'>\n\t\t\t#gallery-1 {\n\t\t\t\tmargin: auto;\n\t\t\t}\n\t\t\t#gallery-1 .gallery-item {\n\t\t\t\tfloat: left;\n\t\t\t\tmargin-top: 10px;\n\t\t\t\ttext-align: center;\n\t\t\t\twidth: 33%;\n\t\t\t}\n\t\t\t#gallery-1 img {\n\t\t\t\tborder: 2px solid #cfcfcf;\n\t\t\t}\n\t\t\t#gallery-1 .gallery-caption {\n\t\t\t\tmargin-left: 0;\n\t\t\t}\n\t\t\t\/* see gallery_shortcode() in wp-includes\/media.php *\/\n\t\t<\/style>\n\t\t<div id='gallery-1' class='gallery galleryid-2556 gallery-columns-3 gallery-size-thumbnail'><dl class='gallery-item'>\n\t\t\t<dt class='gallery-icon landscape'>\n\t\t\t\t<a href='https:\/\/neustadt-art-festival.de\/wp-content\/uploads\/2020\/09\/01abstract-in-red_Katja-Springer.jpg'><img decoding=\"async\" width=\"150\" height=\"150\" data-src=\"https:\/\/neustadt-art-festival.de\/wp-content\/uploads\/2020\/09\/01abstract-in-red_Katja-Springer-150x150.jpg\" class=\"attachment-thumbnail size-thumbnail lazyload\" alt=\"\" aria-describedby=\"gallery-1-2550\" data-srcset=\"https:\/\/neustadt-art-festival.de\/wp-content\/uploads\/2020\/09\/01abstract-in-red_Katja-Springer-150x150.jpg 150w, https:\/\/neustadt-art-festival.de\/wp-content\/uploads\/2020\/09\/01abstract-in-red_Katja-Springer-300x300.jpg 300w, https:\/\/neustadt-art-festival.de\/wp-content\/uploads\/2020\/09\/01abstract-in-red_Katja-Springer-768x768.jpg 768w, https:\/\/neustadt-art-festival.de\/wp-content\/uploads\/2020\/09\/01abstract-in-red_Katja-Springer.jpg 900w\" data-sizes=\"(max-width: 150px) 100vw, 150px\" src=\"data:image\/svg+xml;base64,PHN2ZyB3aWR0aD0iMSIgaGVpZ2h0PSIxIiB4bWxucz0iaHR0cDovL3d3dy53My5vcmcvMjAwMC9zdmciPjwvc3ZnPg==\" style=\"--smush-placeholder-width: 150px; --smush-placeholder-aspect-ratio: 150\/150;\" \/><\/a>\n\t\t\t<\/dt>\n\t\t\t\t<dd class='wp-caption-text gallery-caption' id='gallery-1-2550'>\n\t\t\t\tbetween the lines\n\t\t\t\t<\/dd><\/dl><dl class='gallery-item'>\n\t\t\t<dt class='gallery-icon landscape'>\n\t\t\t\t<a href='https:\/\/neustadt-art-festival.de\/wp-content\/uploads\/2020\/09\/02abstract-in-yellow_Katja-Springer.jpg'><img decoding=\"async\" width=\"150\" height=\"150\" data-src=\"https:\/\/neustadt-art-festival.de\/wp-content\/uploads\/2020\/09\/02abstract-in-yellow_Katja-Springer-150x150.jpg\" class=\"attachment-thumbnail size-thumbnail lazyload\" alt=\"\" aria-describedby=\"gallery-1-2551\" data-srcset=\"https:\/\/neustadt-art-festival.de\/wp-content\/uploads\/2020\/09\/02abstract-in-yellow_Katja-Springer-150x150.jpg 150w, https:\/\/neustadt-art-festival.de\/wp-content\/uploads\/2020\/09\/02abstract-in-yellow_Katja-Springer-300x300.jpg 300w, https:\/\/neustadt-art-festival.de\/wp-content\/uploads\/2020\/09\/02abstract-in-yellow_Katja-Springer-768x768.jpg 768w, https:\/\/neustadt-art-festival.de\/wp-content\/uploads\/2020\/09\/02abstract-in-yellow_Katja-Springer.jpg 900w\" data-sizes=\"(max-width: 150px) 100vw, 150px\" src=\"data:image\/svg+xml;base64,PHN2ZyB3aWR0aD0iMSIgaGVpZ2h0PSIxIiB4bWxucz0iaHR0cDovL3d3dy53My5vcmcvMjAwMC9zdmciPjwvc3ZnPg==\" style=\"--smush-placeholder-width: 150px; --smush-placeholder-aspect-ratio: 150\/150;\" \/><\/a>\n\t\t\t<\/dt>\n\t\t\t\t<dd class='wp-caption-text gallery-caption' id='gallery-1-2551'>\n\t\t\t\tbetween the lines\n\t\t\t\t<\/dd><\/dl><dl class='gallery-item'>\n\t\t\t<dt class='gallery-icon landscape'>\n\t\t\t\t<a href='https:\/\/neustadt-art-festival.de\/wp-content\/uploads\/2020\/09\/03abstract-in-turquois_Katja-Springer.jpg'><img decoding=\"async\" width=\"150\" height=\"150\" data-src=\"https:\/\/neustadt-art-festival.de\/wp-content\/uploads\/2020\/09\/03abstract-in-turquois_Katja-Springer-150x150.jpg\" class=\"attachment-thumbnail size-thumbnail lazyload\" alt=\"\" aria-describedby=\"gallery-1-2552\" data-srcset=\"https:\/\/neustadt-art-festival.de\/wp-content\/uploads\/2020\/09\/03abstract-in-turquois_Katja-Springer-150x150.jpg 150w, https:\/\/neustadt-art-festival.de\/wp-content\/uploads\/2020\/09\/03abstract-in-turquois_Katja-Springer-300x300.jpg 300w, https:\/\/neustadt-art-festival.de\/wp-content\/uploads\/2020\/09\/03abstract-in-turquois_Katja-Springer-768x768.jpg 768w, https:\/\/neustadt-art-festival.de\/wp-content\/uploads\/2020\/09\/03abstract-in-turquois_Katja-Springer.jpg 900w\" data-sizes=\"(max-width: 150px) 100vw, 150px\" src=\"data:image\/svg+xml;base64,PHN2ZyB3aWR0aD0iMSIgaGVpZ2h0PSIxIiB4bWxucz0iaHR0cDovL3d3dy53My5vcmcvMjAwMC9zdmciPjwvc3ZnPg==\" style=\"--smush-placeholder-width: 150px; --smush-placeholder-aspect-ratio: 150\/150;\" \/><\/a>\n\t\t\t<\/dt>\n\t\t\t\t<dd class='wp-caption-text gallery-caption' id='gallery-1-2552'>\n\t\t\t\tbetween the lines\n\t\t\t\t<\/dd><\/dl><br style=\"clear: both\" \/><dl class='gallery-item'>\n\t\t\t<dt class='gallery-icon portrait'>\n\t\t\t\t<a href='https:\/\/neustadt-art-festival.de\/wp-content\/uploads\/2020\/09\/04mind_defragmented_Katja-Springer.jpg'><img decoding=\"async\" width=\"150\" height=\"150\" data-src=\"https:\/\/neustadt-art-festival.de\/wp-content\/uploads\/2020\/09\/04mind_defragmented_Katja-Springer-150x150.jpg\" class=\"attachment-thumbnail size-thumbnail lazyload\" alt=\"\" aria-describedby=\"gallery-1-2553\" src=\"data:image\/svg+xml;base64,PHN2ZyB3aWR0aD0iMSIgaGVpZ2h0PSIxIiB4bWxucz0iaHR0cDovL3d3dy53My5vcmcvMjAwMC9zdmciPjwvc3ZnPg==\" style=\"--smush-placeholder-width: 150px; --smush-placeholder-aspect-ratio: 150\/150;\" \/><\/a>\n\t\t\t<\/dt>\n\t\t\t\t<dd class='wp-caption-text gallery-caption' id='gallery-1-2553'>\n\t\t\t\tbetween the lines\n\t\t\t\t<\/dd><\/dl><dl class='gallery-item'>\n\t\t\t<dt class='gallery-icon landscape'>\n\t\t\t\t<a href='https:\/\/neustadt-art-festival.de\/wp-content\/uploads\/2020\/09\/Bildausschnitt_von-KSpringer.jpg'><img decoding=\"async\" width=\"150\" height=\"150\" data-src=\"https:\/\/neustadt-art-festival.de\/wp-content\/uploads\/2020\/09\/Bildausschnitt_von-KSpringer-150x150.jpg\" class=\"attachment-thumbnail size-thumbnail lazyload\" alt=\"\" src=\"data:image\/svg+xml;base64,PHN2ZyB3aWR0aD0iMSIgaGVpZ2h0PSIxIiB4bWxucz0iaHR0cDovL3d3dy53My5vcmcvMjAwMC9zdmciPjwvc3ZnPg==\" style=\"--smush-placeholder-width: 150px; --smush-placeholder-aspect-ratio: 150\/150;\" \/><\/a>\n\t\t\t<\/dt><\/dl><br style=\"clear: both\" \/><\/div>\n\n","protected":false},"excerpt":{"rendered":"<p>Zwischen den Linien, zwischen den Zeilen lesen, Zwischenr\u00e4ume definieren, Leerr\u00e4ume erobern, Pausen zwischen dem Agieren&#8230; Diese Zwischenr\u00e4ume sind so lebenswichtig, so k\u00f6nnen wir aus dem Nichts Kraft sch\u00f6pfen, Ideen entwickeln, sie bringen Ordnung in unser Leben, sie zwingen die Linien der K\u00fcnstlerin aus dem vermeintlichen Chaos zur Struktur. Einige Bilder von Katja Springer sind Ausdruck [&hellip;]<\/p>\n","protected":false},"featured_media":2555,"comment_status":"closed","ping_status":"closed","template":"","categories":[64],"tags":[],"class_list":["post-2556","eventkrake_event","type-eventkrake_event","status-publish","has-post-thumbnail","hentry","category-64","eventkrake-accessibility-1"],"_links":{"self":[{"href":"https:\/\/neustadt-art-festival.de\/en\/wp-json\/wp\/v2\/eventkrake_event\/2556","targetHints":{"allow":["GET"]}}],"collection":[{"href":"https:\/\/neustadt-art-festival.de\/en\/wp-json\/wp\/v2\/eventkrake_event"}],"about":[{"href":"https:\/\/neustadt-art-festival.de\/en\/wp-json\/wp\/v2\/types\/eventkrake_event"}],"replies":[{"embeddable":true,"href":"https:\/\/neustadt-art-festival.de\/en\/wp-json\/wp\/v2\/comments?post=2556"}],"wp:featuredmedia":[{"embeddable":true,"href":"https:\/\/neustadt-art-festival.de\/en\/wp-json\/wp\/v2\/media\/2555"}],"wp:attachment":[{"href":"https:\/\/neustadt-art-festival.de\/en\/wp-json\/wp\/v2\/media?parent=2556"}],"wp:term":[{"taxonomy":"category","embeddable":true,"href":"https:\/\/neustadt-art-festival.de\/en\/wp-json\/wp\/v2\/categories?post=2556"},{"taxonomy":"post_tag","embeddable":true,"href":"https:\/\/neustadt-art-festival.de\/en\/wp-json\/wp\/v2\/tags?post=2556"}],"curies":[{"name":"wp","href":"https:\/\/api.w.org\/{rel}","templated":true}]}}

<p>Zwischen den Linien, zwischen den Zeilen lesen, Zwischenräume definieren, Leerräume erobern, Pausen zwischen dem Agieren&#8230; Diese Zwischenräume sind so lebenswichtig, so können wir aus dem Nichts Kraft schöpfen, Ideen entwickeln, sie bringen Ordnung in unser Leben, sie zwingen die Linien der Künstlerin aus dem vermeintlichen Chaos zur Struktur.<br />
Einige Bilder von Katja Springer sind Ausdruck einer gewissen Rassanz, entsprechend unserer schnelllebigen Gesellschaft, der vielen Eindrücke, die täglich auf uns einströmen und, was den Lebensweg der Malerin betrifft eine Verarbeitung ihrer vielen Lebensstationen und Arbeitsorte. (&#8230;)</p>
<p><a href="http://www.katja-springer-artefacts.com">www.katja-springer-artefacts.com</a></p>
<p>(Die Entstehung einiger Werke wurde durch ein Stipendium der Kulturstiftung des Freistaates Sachsen ermöglicht.)</p>
<p>&nbsp;</p>

		<style type='text/css'>
			#gallery-1 {
				margin: auto;
			}
			#gallery-1 .gallery-item {
				float: left;
				margin-top: 10px;
				text-align: center;
				width: 33%;
			}
			#gallery-1 img {
				border: 2px solid #cfcfcf;
			}
			#gallery-1 .gallery-caption {
				margin-left: 0;
			}
			/* see gallery_shortcode() in wp-includes/media.php */
		</style>
		<div id='gallery-1' class='gallery galleryid-2556 gallery-columns-3 gallery-size-thumbnail'><dl class='gallery-item'>
			<dt class='gallery-icon landscape'>
				<a href='https://neustadt-art-festival.de/wp-content/uploads/2020/09/01abstract-in-red_Katja-Springer.jpg'><img decoding="async" width="150" height="150" data-src="https://neustadt-art-festival.de/wp-content/uploads/2020/09/01abstract-in-red_Katja-Springer-150x150.jpg" class="attachment-thumbnail size-thumbnail lazyload" alt="" aria-describedby="gallery-1-2550" data-srcset="https://neustadt-art-festival.de/wp-content/uploads/2020/09/01abstract-in-red_Katja-Springer-150x150.jpg 150w, https://neustadt-art-festival.de/wp-content/uploads/2020/09/01abstract-in-red_Katja-Springer-300x300.jpg 300w, https://neustadt-art-festival.de/wp-content/uploads/2020/09/01abstract-in-red_Katja-Springer-768x768.jpg 768w, https://neustadt-art-festival.de/wp-content/uploads/2020/09/01abstract-in-red_Katja-Springer.jpg 900w" data-sizes="(max-width: 150px) 100vw, 150px" src="data:image/svg+xml;base64,PHN2ZyB3aWR0aD0iMSIgaGVpZ2h0PSIxIiB4bWxucz0iaHR0cDovL3d3dy53My5vcmcvMjAwMC9zdmciPjwvc3ZnPg==" style="--smush-placeholder-width: 150px; --smush-placeholder-aspect-ratio: 150/150;" /></a>
			</dt>
				<dd class='wp-caption-text gallery-caption' id='gallery-1-2550'>
				between the lines
				</dd></dl><dl class='gallery-item'>
			<dt class='gallery-icon landscape'>
				<a href='https://neustadt-art-festival.de/wp-content/uploads/2020/09/02abstract-in-yellow_Katja-Springer.jpg'><img decoding="async" width="150" height="150" data-src="https://neustadt-art-festival.de/wp-content/uploads/2020/09/02abstract-in-yellow_Katja-Springer-150x150.jpg" class="attachment-thumbnail size-thumbnail lazyload" alt="" aria-describedby="gallery-1-2551" data-srcset="https://neustadt-art-festival.de/wp-content/uploads/2020/09/02abstract-in-yellow_Katja-Springer-150x150.jpg 150w, https://neustadt-art-festival.de/wp-content/uploads/2020/09/02abstract-in-yellow_Katja-Springer-300x300.jpg 300w, https://neustadt-art-festival.de/wp-content/uploads/2020/09/02abstract-in-yellow_Katja-Springer-768x768.jpg 768w, https://neustadt-art-festival.de/wp-content/uploads/2020/09/02abstract-in-yellow_Katja-Springer.jpg 900w" data-sizes="(max-width: 150px) 100vw, 150px" src="data:image/svg+xml;base64,PHN2ZyB3aWR0aD0iMSIgaGVpZ2h0PSIxIiB4bWxucz0iaHR0cDovL3d3dy53My5vcmcvMjAwMC9zdmciPjwvc3ZnPg==" style="--smush-placeholder-width: 150px; --smush-placeholder-aspect-ratio: 150/150;" /></a>
			</dt>
				<dd class='wp-caption-text gallery-caption' id='gallery-1-2551'>
				between the lines
				</dd></dl><dl class='gallery-item'>
			<dt class='gallery-icon landscape'>
				<a href='https://neustadt-art-festival.de/wp-content/uploads/2020/09/03abstract-in-turquois_Katja-Springer.jpg'><img decoding="async" width="150" height="150" data-src="https://neustadt-art-festival.de/wp-content/uploads/2020/09/03abstract-in-turquois_Katja-Springer-150x150.jpg" class="attachment-thumbnail size-thumbnail lazyload" alt="" aria-describedby="gallery-1-2552" data-srcset="https://neustadt-art-festival.de/wp-content/uploads/2020/09/03abstract-in-turquois_Katja-Springer-150x150.jpg 150w, https://neustadt-art-festival.de/wp-content/uploads/2020/09/03abstract-in-turquois_Katja-Springer-300x300.jpg 300w, https://neustadt-art-festival.de/wp-content/uploads/2020/09/03abstract-in-turquois_Katja-Springer-768x768.jpg 768w, https://neustadt-art-festival.de/wp-content/uploads/2020/09/03abstract-in-turquois_Katja-Springer.jpg 900w" data-sizes="(max-width: 150px) 100vw, 150px" src="data:image/svg+xml;base64,PHN2ZyB3aWR0aD0iMSIgaGVpZ2h0PSIxIiB4bWxucz0iaHR0cDovL3d3dy53My5vcmcvMjAwMC9zdmciPjwvc3ZnPg==" style="--smush-placeholder-width: 150px; --smush-placeholder-aspect-ratio: 150/150;" /></a>
			</dt>
				<dd class='wp-caption-text gallery-caption' id='gallery-1-2552'>
				between the lines
				</dd></dl><br style="clear: both" /><dl class='gallery-item'>
			<dt class='gallery-icon portrait'>
				<a href='https://neustadt-art-festival.de/wp-content/uploads/2020/09/04mind_defragmented_Katja-Springer.jpg'><img decoding="async" width="150" height="150" data-src="https://neustadt-art-festival.de/wp-content/uploads/2020/09/04mind_defragmented_Katja-Springer-150x150.jpg" class="attachment-thumbnail size-thumbnail lazyload" alt="" aria-describedby="gallery-1-2553" src="data:image/svg+xml;base64,PHN2ZyB3aWR0aD0iMSIgaGVpZ2h0PSIxIiB4bWxucz0iaHR0cDovL3d3dy53My5vcmcvMjAwMC9zdmciPjwvc3ZnPg==" style="--smush-placeholder-width: 150px; --smush-placeholder-aspect-ratio: 150/150;" /></a>
			</dt>
				<dd class='wp-caption-text gallery-caption' id='gallery-1-2553'>
				between the lines
				</dd></dl><dl class='gallery-item'>
			<dt class='gallery-icon landscape'>
				<a href='https://neustadt-art-festival.de/wp-content/uploads/2020/09/Bildausschnitt_von-KSpringer.jpg'><img decoding="async" width="150" height="150" data-src="https://neustadt-art-festival.de/wp-content/uploads/2020/09/Bildausschnitt_von-KSpringer-150x150.jpg" class="attachment-thumbnail size-thumbnail lazyload" alt="" src="data:image/svg+xml;base64,PHN2ZyB3aWR0aD0iMSIgaGVpZ2h0PSIxIiB4bWxucz0iaHR0cDovL3d3dy53My5vcmcvMjAwMC9zdmciPjwvc3ZnPg==" style="--smush-placeholder-width: 150px; --smush-placeholder-aspect-ratio: 150/150;" /></a>
			</dt></dl><br style="clear: both" /></div>

<p>Zwischen den Linien, zwischen den Zeilen lesen, Zwischenräume definieren, Leerräume erobern, Pausen zwischen dem Agieren&#8230; Diese Zwischenräume sind so lebenswichtig, so können wir aus dem Nichts Kraft schöpfen, Ideen entwickeln, sie bringen Ordnung in unser Leben, sie zwingen die Linien der Künstlerin aus dem vermeintlichen Chaos zur Struktur. Einige Bilder von Katja Springer sind Ausdruck [&hellip;]</p>
