{"id":2704,"date":"2020-09-14T10:45:07","date_gmt":"2020-09-14T08:45:07","guid":{"rendered":"https:\/\/neustadt-art-festival.de\/?post_type=eventkrake_event&#038;p=2704"},"modified":"2020-09-24T18:52:46","modified_gmt":"2020-09-24T16:52:46","slug":"ju-von-doelzschen","status":"publish","type":"eventkrake_event","link":"https:\/\/neustadt-art-festival.de\/en\/event\/ju-von-doelzschen\/","title":{"rendered":"Ju von D\u00f6lzschen"},"content":{"rendered":"<p>Er kreiert seine Kompositionen, indem er die Instrumente (E-Gitarre, Bassgitarre, Klarinette, Saxophon, Synthesizer, Gesang, Beatbox und Percussion) mit einer Loop Station aufnimmt und so St\u00fcck f\u00fcr St\u00fcck &#8211; Loop f\u00fcr Loop Klangteppiche erzeugt, \u00fcber die er seine Lieder singt und Melodien spielt. Das vielseitige Reportoire ist einzigartig und stilistisch sehr vielseitig. Lassen Sie sich mitrei\u00dfen von fetzigen Beats, virtuosen Soli und leidenschaftlicher handgemachter Musik.<\/p>\n","protected":false},"excerpt":{"rendered":"<p>Er kreiert seine Kompositionen, indem er die Instrumente (E-Gitarre, Bassgitarre, Klarinette, Saxophon, Synthesizer, Gesang, Beatbox und Percussion) mit einer Loop Station aufnimmt und so St\u00fcck f\u00fcr St\u00fcck &#8211; Loop f\u00fcr Loop Klangteppiche erzeugt, \u00fcber die er seine Lieder singt und Melodien spielt. Das vielseitige Reportoire ist einzigartig und stilistisch sehr vielseitig. Lassen Sie sich mitrei\u00dfen [&hellip;]<\/p>\n","protected":false},"featured_media":2705,"comment_status":"closed","ping_status":"closed","template":"","categories":[64],"tags":[],"class_list":["post-2704","eventkrake_event","type-eventkrake_event","status-publish","has-post-thumbnail","hentry","category-64","eventkrake-accessibility-"],"_links":{"self":[{"href":"https:\/\/neustadt-art-festival.de\/en\/wp-json\/wp\/v2\/eventkrake_event\/2704","targetHints":{"allow":["GET"]}}],"collection":[{"href":"https:\/\/neustadt-art-festival.de\/en\/wp-json\/wp\/v2\/eventkrake_event"}],"about":[{"href":"https:\/\/neustadt-art-festival.de\/en\/wp-json\/wp\/v2\/types\/eventkrake_event"}],"replies":[{"embeddable":true,"href":"https:\/\/neustadt-art-festival.de\/en\/wp-json\/wp\/v2\/comments?post=2704"}],"wp:featuredmedia":[{"embeddable":true,"href":"https:\/\/neustadt-art-festival.de\/en\/wp-json\/wp\/v2\/media\/2705"}],"wp:attachment":[{"href":"https:\/\/neustadt-art-festival.de\/en\/wp-json\/wp\/v2\/media?parent=2704"}],"wp:term":[{"taxonomy":"category","embeddable":true,"href":"https:\/\/neustadt-art-festival.de\/en\/wp-json\/wp\/v2\/categories?post=2704"},{"taxonomy":"post_tag","embeddable":true,"href":"https:\/\/neustadt-art-festival.de\/en\/wp-json\/wp\/v2\/tags?post=2704"}],"curies":[{"name":"wp","href":"https:\/\/api.w.org\/{rel}","templated":true}]}}

Ju von Dölzschen

<p>Er kreiert seine Kompositionen, indem er die Instrumente (E-Gitarre, Bassgitarre, Klarinette, Saxophon, Synthesizer, Gesang, Beatbox und Percussion) mit einer Loop Station aufnimmt und so Stück für Stück &#8211; Loop für Loop Klangteppiche erzeugt, über die er seine Lieder singt und Melodien spielt. Das vielseitige Reportoire ist einzigartig und stilistisch sehr vielseitig. Lassen Sie sich mitreißen von fetzigen Beats, virtuosen Soli und leidenschaftlicher handgemachter Musik.</p>

<p>Er kreiert seine Kompositionen, indem er die Instrumente (E-Gitarre, Bassgitarre, Klarinette, Saxophon, Synthesizer, Gesang, Beatbox und Percussion) mit einer Loop Station aufnimmt und so Stück für Stück &#8211; Loop für Loop Klangteppiche erzeugt, über die er seine Lieder singt und Melodien spielt. Das vielseitige Reportoire ist einzigartig und stilistisch sehr vielseitig. Lassen Sie sich mitreißen [&hellip;]</p>
