{"id":2706,"date":"2020-09-14T10:55:41","date_gmt":"2020-09-14T08:55:41","guid":{"rendered":"https:\/\/neustadt-art-festival.de\/?post_type=eventkrake_event&#038;p=2706"},"modified":"2020-09-15T10:25:51","modified_gmt":"2020-09-15T08:25:51","slug":"sitten-vergehen-schwer-mutig-einfach-sein-ausstellungseroeffnung","status":"publish","type":"eventkrake_event","link":"https:\/\/neustadt-art-festival.de\/en\/event\/sitten-vergehen-schwer-mutig-einfach-sein-ausstellungseroeffnung\/","title":{"rendered":"Sitten \u2013 vergehen \u2013 schwer \u2013 mutig \u2013 einfach &#8211; sein [Ausstellungser\u00f6ffnung]"},"content":{"rendered":"<p class=\"western\">Wir leben in einer Welt der Gegens\u00e4tze, mit rasant wachsender Komplexit\u00e4t. Die Ausstellung zeigt mit k\u00fcnstlerisch-\u00e4sthetischen Mitteln fragmentarische Einsichten zur Gegenwart. Nach dem Motto: \u201eKunstwerke als Spiegel.\u201c Und sie zieht dabei den Bogen von traditionellen Ansichten zur philosophischen Haltung: \u201eEinfach Sein, sei einfach!\u201c<\/p>\n","protected":false},"excerpt":{"rendered":"<p>Wir leben in einer Welt der Gegens\u00e4tze, mit rasant wachsender Komplexit\u00e4t. Die Ausstellung zeigt mit k\u00fcnstlerisch-\u00e4sthetischen Mitteln fragmentarische Einsichten zur Gegenwart. Nach dem Motto: \u201eKunstwerke als Spiegel.\u201c Und sie zieht dabei den Bogen von traditionellen Ansichten zur philosophischen Haltung: \u201eEinfach Sein, sei einfach!\u201c<\/p>\n","protected":false},"featured_media":0,"comment_status":"closed","ping_status":"closed","template":"","categories":[64],"tags":[],"class_list":["post-2706","eventkrake_event","type-eventkrake_event","status-publish","hentry","category-64","eventkrake-accessibility-1"],"_links":{"self":[{"href":"https:\/\/neustadt-art-festival.de\/en\/wp-json\/wp\/v2\/eventkrake_event\/2706","targetHints":{"allow":["GET"]}}],"collection":[{"href":"https:\/\/neustadt-art-festival.de\/en\/wp-json\/wp\/v2\/eventkrake_event"}],"about":[{"href":"https:\/\/neustadt-art-festival.de\/en\/wp-json\/wp\/v2\/types\/eventkrake_event"}],"replies":[{"embeddable":true,"href":"https:\/\/neustadt-art-festival.de\/en\/wp-json\/wp\/v2\/comments?post=2706"}],"wp:attachment":[{"href":"https:\/\/neustadt-art-festival.de\/en\/wp-json\/wp\/v2\/media?parent=2706"}],"wp:term":[{"taxonomy":"category","embeddable":true,"href":"https:\/\/neustadt-art-festival.de\/en\/wp-json\/wp\/v2\/categories?post=2706"},{"taxonomy":"post_tag","embeddable":true,"href":"https:\/\/neustadt-art-festival.de\/en\/wp-json\/wp\/v2\/tags?post=2706"}],"curies":[{"name":"wp","href":"https:\/\/api.w.org\/{rel}","templated":true}]}}

Sitten – vergehen – schwer – mutig – einfach &#8211; sein [Ausstellungseröffnung]

<p class="western">Wir leben in einer Welt der Gegensätze, mit rasant wachsender Komplexität. Die Ausstellung zeigt mit künstlerisch-ästhetischen Mitteln fragmentarische Einsichten zur Gegenwart. Nach dem Motto: „Kunstwerke als Spiegel.“ Und sie zieht dabei den Bogen von traditionellen Ansichten zur philosophischen Haltung: „Einfach Sein, sei einfach!“</p>

<p>Wir leben in einer Welt der Gegensätze, mit rasant wachsender Komplexität. Die Ausstellung zeigt mit künstlerisch-ästhetischen Mitteln fragmentarische Einsichten zur Gegenwart. Nach dem Motto: „Kunstwerke als Spiegel.“ Und sie zieht dabei den Bogen von traditionellen Ansichten zur philosophischen Haltung: „Einfach Sein, sei einfach!“</p>
