{"id":2846,"date":"2020-09-25T17:56:49","date_gmt":"2020-09-25T15:56:49","guid":{"rendered":"https:\/\/neustadt-art-festival.de\/?post_type=eventkrake_event&#038;p=2846"},"modified":"2020-09-25T18:12:25","modified_gmt":"2020-09-25T16:12:25","slug":"stairways-to-the-garden-installation-by-sue-hatari","status":"publish","type":"eventkrake_event","link":"https:\/\/neustadt-art-festival.de\/en\/event\/stairways-to-the-garden-installation-by-sue-hatari\/","title":{"rendered":"Stairways to the garden [Installation by Sue Hatari]"},"content":{"rendered":"<p>&#8220;Stairways to the garden&#8221; entstand aus der Idee eines Indoor-Gartens als Antwort auf den Lockdown im Fr\u00fchling dieses Jahres. Zun\u00e4chst nannte sich das Projekt &#8220;My Corona-garden&#8221; und befand sich in der Dachkammer des Hauses an der Fensterfront innen und au\u00dfen mit ein paar Pflanzen und Kunstblumen. Im Laufe des Sommers expandierte das Ganze \u00fcber das Treppenhaus bis auf den Hof und wurde zu einer Art Haus- und Hofbegr\u00fcnung. Die K\u00fcnstlerin erfand sich selbst als G\u00e4rtnerin mit einem gewissen Hang zum Therapeutischen. Sie verarbeitet die \u00e4u\u00dferen Erlebnisse in einer von Angst gepr\u00e4gten sogenannten &#8220;neuen Normalit\u00e4t&#8221; und versucht, etwas dagegen zu setzen. Der Garten unter dem Dach l\u00e4dt ein, die Corona-Zeit mit Abstand und Humor zu betrachten und sich im Corona-Liegestuhl zu entspannen und die n\u00e4chste Welle gelassen zu beobachten.<\/p>\n<p><strong>Treppenhaus der Hansastr. 3 \/ oder vom Wagenplatz\/am Gr\u00fcnen Gleis(Garten- Projekt des Wagenplatzes)<\/strong><\/p>\n\n\t\t<style type='text\/css'>\n\t\t\t#gallery-1 {\n\t\t\t\tmargin: auto;\n\t\t\t}\n\t\t\t#gallery-1 .gallery-item {\n\t\t\t\tfloat: left;\n\t\t\t\tmargin-top: 10px;\n\t\t\t\ttext-align: center;\n\t\t\t\twidth: 33%;\n\t\t\t}\n\t\t\t#gallery-1 img {\n\t\t\t\tborder: 2px solid #cfcfcf;\n\t\t\t}\n\t\t\t#gallery-1 .gallery-caption {\n\t\t\t\tmargin-left: 0;\n\t\t\t}\n\t\t\t\/* see gallery_shortcode() in wp-includes\/media.php *\/\n\t\t<\/style>\n\t\t<div id='gallery-1' class='gallery galleryid-2846 gallery-columns-3 gallery-size-thumbnail'><dl class='gallery-item'>\n\t\t\t<dt class='gallery-icon portrait'>\n\t\t\t\t<a href='https:\/\/neustadt-art-festival.de\/wp-content\/uploads\/2020\/09\/120036935_685781492023534_1908856078371118604_n.jpg'><img decoding=\"async\" width=\"150\" height=\"150\" data-src=\"https:\/\/neustadt-art-festival.de\/wp-content\/uploads\/2020\/09\/120036935_685781492023534_1908856078371118604_n-150x150.jpg\" class=\"attachment-thumbnail size-thumbnail lazyload\" alt=\"\" src=\"data:image\/svg+xml;base64,PHN2ZyB3aWR0aD0iMSIgaGVpZ2h0PSIxIiB4bWxucz0iaHR0cDovL3d3dy53My5vcmcvMjAwMC9zdmciPjwvc3ZnPg==\" style=\"--smush-placeholder-width: 150px; --smush-placeholder-aspect-ratio: 150\/150;\" \/><\/a>\n\t\t\t<\/dt><\/dl><dl class='gallery-item'>\n\t\t\t<dt class='gallery-icon landscape'>\n\t\t\t\t<a href='https:\/\/neustadt-art-festival.de\/wp-content\/uploads\/2020\/09\/120160746_739941413220212_8422261705469271534_n.jpg'><img decoding=\"async\" width=\"150\" height=\"150\" data-src=\"https:\/\/neustadt-art-festival.de\/wp-content\/uploads\/2020\/09\/120160746_739941413220212_8422261705469271534_n-150x150.jpg\" class=\"attachment-thumbnail size-thumbnail lazyload\" alt=\"\" src=\"data:image\/svg+xml;base64,PHN2ZyB3aWR0aD0iMSIgaGVpZ2h0PSIxIiB4bWxucz0iaHR0cDovL3d3dy53My5vcmcvMjAwMC9zdmciPjwvc3ZnPg==\" style=\"--smush-placeholder-width: 150px; --smush-placeholder-aspect-ratio: 150\/150;\" \/><\/a>\n\t\t\t<\/dt><\/dl><dl class='gallery-item'>\n\t\t\t<dt class='gallery-icon landscape'>\n\t\t\t\t<a href='https:\/\/neustadt-art-festival.de\/wp-content\/uploads\/2020\/09\/119992556_1243342419362854_4305533191050024526_n.jpg'><img decoding=\"async\" width=\"150\" height=\"150\" data-src=\"https:\/\/neustadt-art-festival.de\/wp-content\/uploads\/2020\/09\/119992556_1243342419362854_4305533191050024526_n-150x150.jpg\" class=\"attachment-thumbnail size-thumbnail lazyload\" alt=\"\" src=\"data:image\/svg+xml;base64,PHN2ZyB3aWR0aD0iMSIgaGVpZ2h0PSIxIiB4bWxucz0iaHR0cDovL3d3dy53My5vcmcvMjAwMC9zdmciPjwvc3ZnPg==\" style=\"--smush-placeholder-width: 150px; --smush-placeholder-aspect-ratio: 150\/150;\" \/><\/a>\n\t\t\t<\/dt><\/dl><br style=\"clear: both\" \/><dl class='gallery-item'>\n\t\t\t<dt class='gallery-icon portrait'>\n\t\t\t\t<a href='https:\/\/neustadt-art-festival.de\/wp-content\/uploads\/2020\/09\/120013248_817031802373517_9061085696702642135_n.jpg'><img decoding=\"async\" width=\"150\" height=\"150\" data-src=\"https:\/\/neustadt-art-festival.de\/wp-content\/uploads\/2020\/09\/120013248_817031802373517_9061085696702642135_n-150x150.jpg\" class=\"attachment-thumbnail size-thumbnail lazyload\" alt=\"\" src=\"data:image\/svg+xml;base64,PHN2ZyB3aWR0aD0iMSIgaGVpZ2h0PSIxIiB4bWxucz0iaHR0cDovL3d3dy53My5vcmcvMjAwMC9zdmciPjwvc3ZnPg==\" style=\"--smush-placeholder-width: 150px; --smush-placeholder-aspect-ratio: 150\/150;\" \/><\/a>\n\t\t\t<\/dt><\/dl><dl class='gallery-item'>\n\t\t\t<dt class='gallery-icon landscape'>\n\t\t\t\t<a href='https:\/\/neustadt-art-festival.de\/wp-content\/uploads\/2020\/09\/120141163_2988312538116785_7098225268033602525_n-1.jpg'><img decoding=\"async\" width=\"150\" height=\"150\" data-src=\"https:\/\/neustadt-art-festival.de\/wp-content\/uploads\/2020\/09\/120141163_2988312538116785_7098225268033602525_n-1-150x150.jpg\" class=\"attachment-thumbnail size-thumbnail lazyload\" alt=\"\" src=\"data:image\/svg+xml;base64,PHN2ZyB3aWR0aD0iMSIgaGVpZ2h0PSIxIiB4bWxucz0iaHR0cDovL3d3dy53My5vcmcvMjAwMC9zdmciPjwvc3ZnPg==\" style=\"--smush-placeholder-width: 150px; --smush-placeholder-aspect-ratio: 150\/150;\" \/><\/a>\n\t\t\t<\/dt><\/dl><dl class='gallery-item'>\n\t\t\t<dt class='gallery-icon landscape'>\n\t\t\t\t<a href='https:\/\/neustadt-art-festival.de\/wp-content\/uploads\/2020\/09\/118887920_3555546224457633_1133249907221772253_o.jpg'><img decoding=\"async\" width=\"150\" height=\"150\" data-src=\"https:\/\/neustadt-art-festival.de\/wp-content\/uploads\/2020\/09\/118887920_3555546224457633_1133249907221772253_o-150x150.jpg\" class=\"attachment-thumbnail size-thumbnail lazyload\" alt=\"\" src=\"data:image\/svg+xml;base64,PHN2ZyB3aWR0aD0iMSIgaGVpZ2h0PSIxIiB4bWxucz0iaHR0cDovL3d3dy53My5vcmcvMjAwMC9zdmciPjwvc3ZnPg==\" style=\"--smush-placeholder-width: 150px; --smush-placeholder-aspect-ratio: 150\/150;\" \/><\/a>\n\t\t\t<\/dt><\/dl><br style=\"clear: both\" \/><dl class='gallery-item'>\n\t\t\t<dt class='gallery-icon portrait'>\n\t\t\t\t<a href='https:\/\/neustadt-art-festival.de\/wp-content\/uploads\/2020\/09\/119984694_370899210749616_2108834508822757256_n.jpg'><img decoding=\"async\" width=\"150\" height=\"150\" data-src=\"https:\/\/neustadt-art-festival.de\/wp-content\/uploads\/2020\/09\/119984694_370899210749616_2108834508822757256_n-150x150.jpg\" class=\"attachment-thumbnail size-thumbnail lazyload\" alt=\"\" src=\"data:image\/svg+xml;base64,PHN2ZyB3aWR0aD0iMSIgaGVpZ2h0PSIxIiB4bWxucz0iaHR0cDovL3d3dy53My5vcmcvMjAwMC9zdmciPjwvc3ZnPg==\" style=\"--smush-placeholder-width: 150px; --smush-placeholder-aspect-ratio: 150\/150;\" \/><\/a>\n\t\t\t<\/dt><\/dl><dl class='gallery-item'>\n\t\t\t<dt class='gallery-icon landscape'>\n\t\t\t\t<a href='https:\/\/neustadt-art-festival.de\/wp-content\/uploads\/2020\/09\/120111246_346879493329959_3178490536471479083_n.jpg'><img decoding=\"async\" width=\"150\" height=\"150\" data-src=\"https:\/\/neustadt-art-festival.de\/wp-content\/uploads\/2020\/09\/120111246_346879493329959_3178490536471479083_n-150x150.jpg\" class=\"attachment-thumbnail size-thumbnail lazyload\" alt=\"\" src=\"data:image\/svg+xml;base64,PHN2ZyB3aWR0aD0iMSIgaGVpZ2h0PSIxIiB4bWxucz0iaHR0cDovL3d3dy53My5vcmcvMjAwMC9zdmciPjwvc3ZnPg==\" style=\"--smush-placeholder-width: 150px; --smush-placeholder-aspect-ratio: 150\/150;\" \/><\/a>\n\t\t\t<\/dt><\/dl><dl class='gallery-item'>\n\t\t\t<dt class='gallery-icon landscape'>\n\t\t\t\t<a href='https:\/\/neustadt-art-festival.de\/wp-content\/uploads\/2020\/09\/120035302_671287490157752_1763669828627325948_n.jpg'><img decoding=\"async\" width=\"150\" height=\"150\" data-src=\"https:\/\/neustadt-art-festival.de\/wp-content\/uploads\/2020\/09\/120035302_671287490157752_1763669828627325948_n-150x150.jpg\" class=\"attachment-thumbnail size-thumbnail lazyload\" alt=\"\" src=\"data:image\/svg+xml;base64,PHN2ZyB3aWR0aD0iMSIgaGVpZ2h0PSIxIiB4bWxucz0iaHR0cDovL3d3dy53My5vcmcvMjAwMC9zdmciPjwvc3ZnPg==\" style=\"--smush-placeholder-width: 150px; --smush-placeholder-aspect-ratio: 150\/150;\" \/><\/a>\n\t\t\t<\/dt><\/dl><br style=\"clear: both\" \/><\/div>\n\n","protected":false},"excerpt":{"rendered":"<p>&#8220;Stairways to the garden&#8221; entstand aus der Idee eines Indoor-Gartens als Antwort auf den Lockdown im Fr\u00fchling dieses Jahres. Zun\u00e4chst nannte sich das Projekt &#8220;My Corona-garden&#8221; und befand sich in der Dachkammer des Hauses an der Fensterfront innen und au\u00dfen mit ein paar Pflanzen und Kunstblumen. Im Laufe des Sommers expandierte das Ganze \u00fcber das [&hellip;]<\/p>\n","protected":false},"featured_media":2847,"comment_status":"closed","ping_status":"closed","template":"","categories":[64],"tags":[],"class_list":["post-2846","eventkrake_event","type-eventkrake_event","status-publish","has-post-thumbnail","hentry","category-64","eventkrake-accessibility-1"],"_links":{"self":[{"href":"https:\/\/neustadt-art-festival.de\/en\/wp-json\/wp\/v2\/eventkrake_event\/2846","targetHints":{"allow":["GET"]}}],"collection":[{"href":"https:\/\/neustadt-art-festival.de\/en\/wp-json\/wp\/v2\/eventkrake_event"}],"about":[{"href":"https:\/\/neustadt-art-festival.de\/en\/wp-json\/wp\/v2\/types\/eventkrake_event"}],"replies":[{"embeddable":true,"href":"https:\/\/neustadt-art-festival.de\/en\/wp-json\/wp\/v2\/comments?post=2846"}],"wp:featuredmedia":[{"embeddable":true,"href":"https:\/\/neustadt-art-festival.de\/en\/wp-json\/wp\/v2\/media\/2847"}],"wp:attachment":[{"href":"https:\/\/neustadt-art-festival.de\/en\/wp-json\/wp\/v2\/media?parent=2846"}],"wp:term":[{"taxonomy":"category","embeddable":true,"href":"https:\/\/neustadt-art-festival.de\/en\/wp-json\/wp\/v2\/categories?post=2846"},{"taxonomy":"post_tag","embeddable":true,"href":"https:\/\/neustadt-art-festival.de\/en\/wp-json\/wp\/v2\/tags?post=2846"}],"curies":[{"name":"wp","href":"https:\/\/api.w.org\/{rel}","templated":true}]}}

<p>&#8220;Stairways to the garden&#8221; entstand aus der Idee eines Indoor-Gartens als Antwort auf den Lockdown im Frühling dieses Jahres. Zunächst nannte sich das Projekt &#8220;My Corona-garden&#8221; und befand sich in der Dachkammer des Hauses an der Fensterfront innen und außen mit ein paar Pflanzen und Kunstblumen. Im Laufe des Sommers expandierte das Ganze über das Treppenhaus bis auf den Hof und wurde zu einer Art Haus- und Hofbegrünung. Die Künstlerin erfand sich selbst als Gärtnerin mit einem gewissen Hang zum Therapeutischen. Sie verarbeitet die äußeren Erlebnisse in einer von Angst geprägten sogenannten &#8220;neuen Normalität&#8221; und versucht, etwas dagegen zu setzen. Der Garten unter dem Dach lädt ein, die Corona-Zeit mit Abstand und Humor zu betrachten und sich im Corona-Liegestuhl zu entspannen und die nächste Welle gelassen zu beobachten.</p>
<p><strong>Treppenhaus der Hansastr. 3 / oder vom Wagenplatz/am Grünen Gleis(Garten- Projekt des Wagenplatzes)</strong></p>

		<style type='text/css'>
			#gallery-1 {
				margin: auto;
			}
			#gallery-1 .gallery-item {
				float: left;
				margin-top: 10px;
				text-align: center;
				width: 33%;
			}
			#gallery-1 img {
				border: 2px solid #cfcfcf;
			}
			#gallery-1 .gallery-caption {
				margin-left: 0;
			}
			/* see gallery_shortcode() in wp-includes/media.php */
		</style>
		<div id='gallery-1' class='gallery galleryid-2846 gallery-columns-3 gallery-size-thumbnail'><dl class='gallery-item'>
			<dt class='gallery-icon portrait'>
				<a href='https://neustadt-art-festival.de/wp-content/uploads/2020/09/120036935_685781492023534_1908856078371118604_n.jpg'><img decoding="async" width="150" height="150" data-src="https://neustadt-art-festival.de/wp-content/uploads/2020/09/120036935_685781492023534_1908856078371118604_n-150x150.jpg" class="attachment-thumbnail size-thumbnail lazyload" alt="" src="data:image/svg+xml;base64,PHN2ZyB3aWR0aD0iMSIgaGVpZ2h0PSIxIiB4bWxucz0iaHR0cDovL3d3dy53My5vcmcvMjAwMC9zdmciPjwvc3ZnPg==" style="--smush-placeholder-width: 150px; --smush-placeholder-aspect-ratio: 150/150;" /></a>
			</dt></dl><dl class='gallery-item'>
			<dt class='gallery-icon landscape'>
				<a href='https://neustadt-art-festival.de/wp-content/uploads/2020/09/120160746_739941413220212_8422261705469271534_n.jpg'><img decoding="async" width="150" height="150" data-src="https://neustadt-art-festival.de/wp-content/uploads/2020/09/120160746_739941413220212_8422261705469271534_n-150x150.jpg" class="attachment-thumbnail size-thumbnail lazyload" alt="" src="data:image/svg+xml;base64,PHN2ZyB3aWR0aD0iMSIgaGVpZ2h0PSIxIiB4bWxucz0iaHR0cDovL3d3dy53My5vcmcvMjAwMC9zdmciPjwvc3ZnPg==" style="--smush-placeholder-width: 150px; --smush-placeholder-aspect-ratio: 150/150;" /></a>
			</dt></dl><dl class='gallery-item'>
			<dt class='gallery-icon landscape'>
				<a href='https://neustadt-art-festival.de/wp-content/uploads/2020/09/119992556_1243342419362854_4305533191050024526_n.jpg'><img decoding="async" width="150" height="150" data-src="https://neustadt-art-festival.de/wp-content/uploads/2020/09/119992556_1243342419362854_4305533191050024526_n-150x150.jpg" class="attachment-thumbnail size-thumbnail lazyload" alt="" src="data:image/svg+xml;base64,PHN2ZyB3aWR0aD0iMSIgaGVpZ2h0PSIxIiB4bWxucz0iaHR0cDovL3d3dy53My5vcmcvMjAwMC9zdmciPjwvc3ZnPg==" style="--smush-placeholder-width: 150px; --smush-placeholder-aspect-ratio: 150/150;" /></a>
			</dt></dl><br style="clear: both" /><dl class='gallery-item'>
			<dt class='gallery-icon portrait'>
				<a href='https://neustadt-art-festival.de/wp-content/uploads/2020/09/120013248_817031802373517_9061085696702642135_n.jpg'><img decoding="async" width="150" height="150" data-src="https://neustadt-art-festival.de/wp-content/uploads/2020/09/120013248_817031802373517_9061085696702642135_n-150x150.jpg" class="attachment-thumbnail size-thumbnail lazyload" alt="" src="data:image/svg+xml;base64,PHN2ZyB3aWR0aD0iMSIgaGVpZ2h0PSIxIiB4bWxucz0iaHR0cDovL3d3dy53My5vcmcvMjAwMC9zdmciPjwvc3ZnPg==" style="--smush-placeholder-width: 150px; --smush-placeholder-aspect-ratio: 150/150;" /></a>
			</dt></dl><dl class='gallery-item'>
			<dt class='gallery-icon landscape'>
				<a href='https://neustadt-art-festival.de/wp-content/uploads/2020/09/120141163_2988312538116785_7098225268033602525_n-1.jpg'><img decoding="async" width="150" height="150" data-src="https://neustadt-art-festival.de/wp-content/uploads/2020/09/120141163_2988312538116785_7098225268033602525_n-1-150x150.jpg" class="attachment-thumbnail size-thumbnail lazyload" alt="" src="data:image/svg+xml;base64,PHN2ZyB3aWR0aD0iMSIgaGVpZ2h0PSIxIiB4bWxucz0iaHR0cDovL3d3dy53My5vcmcvMjAwMC9zdmciPjwvc3ZnPg==" style="--smush-placeholder-width: 150px; --smush-placeholder-aspect-ratio: 150/150;" /></a>
			</dt></dl><dl class='gallery-item'>
			<dt class='gallery-icon landscape'>
				<a href='https://neustadt-art-festival.de/wp-content/uploads/2020/09/118887920_3555546224457633_1133249907221772253_o.jpg'><img decoding="async" width="150" height="150" data-src="https://neustadt-art-festival.de/wp-content/uploads/2020/09/118887920_3555546224457633_1133249907221772253_o-150x150.jpg" class="attachment-thumbnail size-thumbnail lazyload" alt="" src="data:image/svg+xml;base64,PHN2ZyB3aWR0aD0iMSIgaGVpZ2h0PSIxIiB4bWxucz0iaHR0cDovL3d3dy53My5vcmcvMjAwMC9zdmciPjwvc3ZnPg==" style="--smush-placeholder-width: 150px; --smush-placeholder-aspect-ratio: 150/150;" /></a>
			</dt></dl><br style="clear: both" /><dl class='gallery-item'>
			<dt class='gallery-icon portrait'>
				<a href='https://neustadt-art-festival.de/wp-content/uploads/2020/09/119984694_370899210749616_2108834508822757256_n.jpg'><img decoding="async" width="150" height="150" data-src="https://neustadt-art-festival.de/wp-content/uploads/2020/09/119984694_370899210749616_2108834508822757256_n-150x150.jpg" class="attachment-thumbnail size-thumbnail lazyload" alt="" src="data:image/svg+xml;base64,PHN2ZyB3aWR0aD0iMSIgaGVpZ2h0PSIxIiB4bWxucz0iaHR0cDovL3d3dy53My5vcmcvMjAwMC9zdmciPjwvc3ZnPg==" style="--smush-placeholder-width: 150px; --smush-placeholder-aspect-ratio: 150/150;" /></a>
			</dt></dl><dl class='gallery-item'>
			<dt class='gallery-icon landscape'>
				<a href='https://neustadt-art-festival.de/wp-content/uploads/2020/09/120111246_346879493329959_3178490536471479083_n.jpg'><img decoding="async" width="150" height="150" data-src="https://neustadt-art-festival.de/wp-content/uploads/2020/09/120111246_346879493329959_3178490536471479083_n-150x150.jpg" class="attachment-thumbnail size-thumbnail lazyload" alt="" src="data:image/svg+xml;base64,PHN2ZyB3aWR0aD0iMSIgaGVpZ2h0PSIxIiB4bWxucz0iaHR0cDovL3d3dy53My5vcmcvMjAwMC9zdmciPjwvc3ZnPg==" style="--smush-placeholder-width: 150px; --smush-placeholder-aspect-ratio: 150/150;" /></a>
			</dt></dl><dl class='gallery-item'>
			<dt class='gallery-icon landscape'>
				<a href='https://neustadt-art-festival.de/wp-content/uploads/2020/09/120035302_671287490157752_1763669828627325948_n.jpg'><img decoding="async" width="150" height="150" data-src="https://neustadt-art-festival.de/wp-content/uploads/2020/09/120035302_671287490157752_1763669828627325948_n-150x150.jpg" class="attachment-thumbnail size-thumbnail lazyload" alt="" src="data:image/svg+xml;base64,PHN2ZyB3aWR0aD0iMSIgaGVpZ2h0PSIxIiB4bWxucz0iaHR0cDovL3d3dy53My5vcmcvMjAwMC9zdmciPjwvc3ZnPg==" style="--smush-placeholder-width: 150px; --smush-placeholder-aspect-ratio: 150/150;" /></a>
			</dt></dl><br style="clear: both" /></div>

<p>&#8220;Stairways to the garden&#8221; entstand aus der Idee eines Indoor-Gartens als Antwort auf den Lockdown im Frühling dieses Jahres. Zunächst nannte sich das Projekt &#8220;My Corona-garden&#8221; und befand sich in der Dachkammer des Hauses an der Fensterfront innen und außen mit ein paar Pflanzen und Kunstblumen. Im Laufe des Sommers expandierte das Ganze über das [&hellip;]</p>
